 - 1 + 0*p - 8*p - 2. Let u(v) = v + 1. Let w(b) = 6*u(b) + z(b). Give w(j).
1
Let q(n) = n**2 + 4*n - 7. Suppose -2*z = 1 + 9. Calculate q(z).
-2
Let j = -14 - -20. Let y(u) = -u**2 + 4*u + 6. Let w be y(j). Let v(g) = g - 8. Determine v(w).
-14
Let j(s) = -s**2 + 6*s + 7. Suppose o = -3*a + 3, -6 = -2*o - 5*a + 1. Determine j(o).
7
Let j(r) = -r**3 + 5*r**2 + 6*r + 1. Let i be j(6). Let y be (-3)/9 + 4/(-6). Let b = i + y. Let s(k) = k**2 + k - 8. What is s(b)?
-8
Let v(z) = -z**3 - 8*z**2 + 2*z - 7. Let s be v(-8). Let o = -17 - s. Let i(u) = u**3 - 5*u**2 - 6*u + 3. Calculate i(o).
3
Let l be (-1)/((-3)/3) - -4. Let k = -2 + l. Let t(m) = m**2 - m - 3. Calculate t(k).
3
Let f(g) be the first derivative of -3*g**2 + 13. What is f(2)?
-12
Let n(v) = -6*v - 4*v**2 + v**3 - 2*v**3 - 3 + 5*v**2 + 4*v. Calculate n(-2).
13
Suppose 4*y = y + 15. Let n(z) be the third derivative of 0*z - 1/12*z**4 + 0 + 7*z**2 + 7/6*z**3. Give n(y).
-3
Suppose -12*x = -x - 33. Let z(b) = b**2 + 4*b - 3. Give z(x).
18
Let g(p) be the second derivative of p**3/6 + p**2 + 2*p. Let z = -1 + -1. Let k = 5 + z. Calculate g(k).
5
Suppose 0 = -8*n - 52 + 20. Let k(d) be the third derivative of -d**6/120 - d**5/12 - d**4/12 + d**3/6 - d**2. Calculate k(n).
-7
Let p(g) = -2*g**3 - g**2 - g - 1. Suppose 19*h - 17*h + 2 = 0. Give p(h).
1
Let d(v) = -60 - v + 0*v + 34 + 32. What is d(5)?
1
Let c = -1 + 3. Let j(b) = -b**c + 7*b**2 - 9*b**2 + b. Determine j(-1).
-4
Let x = 7 + -4. Let z(o) = o. Calculate z(x).
3
Let v(f) = -6*f**3 - f**2 - f - 1. Let q = 55 + -56. Determine v(q).
5
Let k(q) = -q**3 + q + 3. Let i(m) = 2*m**3 - m - 6. Let f(n) = 2*i(n) + 5*k(n). Calculate f(3).
-15
Let x(i) = -i**3 - 4*i**2 + 2. Let y be x(-4). Let r(q) = -2*q**2 - q. Give r(y).
-10
Suppose 0*v + 6*v = -30. Suppose 8*a = 3*a. Let i(x) = 0 - 1 + a - x. What is i(v)?
4
Let n(b) be the second derivative of -b**3/3 + b**2 - 2*b. Calculate n(4).
-6
Let a(d) = -d**3 - 5*d**2 + 5. Let s be a(-5). Let z(x) be the second derivative of x**5/20 - 5*x**4/12 + x**3/6 - 3*x**2/2 + 3*x. Calculate z(s).
2
Let s(f) = 10*f. Let j(v) = 91*v. Let d(p) = -3*j(p) + 28*s(p). What is d(2)?
14
Let g = -211/180 - -11/9. Let d(k) be the second derivative of -1/6*k**3 + 3*k + 5/2*k**2 - 1/3*k**4 + g*k**5 + 0. Give d(4).
1
Let u = 3 - 0. Suppose -13 = -5*n + 3*l, -4*n + l = 4*l - 5. Let m(j) = 2*j - 1 - n*j - j**3 + 25*j**2 - 21*j**2. Determine m(u).
8
Let r = 45 - 40. Let o(b) = b**3 - 6*b**2 + 3*b - 1. What is o(r)?
-11
Let s(j) be the first derivative of j**4/12 + j**3/6 - 3*j**2 - 5*j + 4. Let w(o) be the first derivative of s(o). What is w(0)?
-6
Suppose o + 5 = 0, 2*g - o - 25 = -8. Let q(z) = -z**3 + 6*z**2 + z - 8. Let a be q(g). Let r be 3/2 + (-7)/a. Let w(m) = -m**2 + 4*m + 3. Calculate w(r).
-2
Suppose 0 = -2*u - u + 3*q + 3, -2*u - 4*q = 22. Let f be 9*u/(-18)*2. Let c = -4 + f. Let i(k) = 5*k - 1. Calculate i(c).
-6
Let l(x) = 5*x. Let v = -40 + 42. Give l(v).
10
Let j(q) = -2*q + 3. Let x be j(3). Let t(v) = 2*v**3 + 5*v**2 + 2*v - 4. Calculate t(x).
-19
Let n(q) = -q - 6. Let y(l) = -l**3 + 4*l**2 + 4*l - 3. Let h be y(5). Let b be n(h). Let a(g) = -g**b - 3*g + 3*g + g. What is a(1)?
0
Let s(b) = -1. Let o(x) = -5*x + 2. Let j(d) = o(d) - s(d). What is j(2)?
-7
Let s(u) = -2*u**2 + 3*u + 7. Let b(j) = j**2 - j - 4. Let i(p) = p**3 + 6*p**2 + 7. Let o be i(-6). Let g(m) = o*b(m) + 4*s(m). Calculate g(4).
4
Let a be (-1)/(28/12 + -2). Let g(l) = l**2 + 4*l + 1. What is g(a)?
-2
Let k(h) = 3*h + 204 + 2*h**2 + 2*h - 205. Let o(q) = q**2 + 2*q - 2. Let z be o(-4). Suppose -3*t - 6 = z. Determine k(t).
11
Let x(u) = -u**3 + 6*u**2 - 6*u + 4. Let o be (-60)/9*(-21)/28. Determine x(o).
-1
Let q(j) be the first derivative of -j**3/3 + 2*j**2 - j + 31. Give q(2).
3
Suppose -3 = -g + 2*g. Let p be (0 + g)/3 - -3. Let i(x) = 2*x. Determine i(p).
4
Let a = 18 - 10. Let y = -4 + a. Let i(z) = z**3 - 5*z**2 + 6*z - 3. What is i(y)?
5
Suppose 4*a = -12, -3*a = -4*v + a + 44. Let p(q) = 1 - 5 + q + 4 + v. Calculate p(-6).
2
Let i(f) be the third derivative of -f**4/24 - f**3/3 - 2*f**2. Calculate i(-1).
-1
Let x = -4 + -6. Let p be 2/(3/2 + -1). Let r be x*(-1 + p)/(-6). Let z(w) = w - 10. Calculate z(r).
-5
Let p(j) = -j**2 + 4*j - 1. Let r(c) = -c - 1. Let o(f) = -p(f) + 2*r(f). Give o(7).
6
Let d be 1 + 0 + 1 + 2. Suppose d*k + 9 = -15. Let s(t) = t**2 + 6*t + 1. Give s(k).
1
Let s = 10 - 9. Let d(g) = 6*g. Calculate d(s).
6
Let m = -17 - -17. Let u(s) = 8 + s**2 - 5*s**3 + 3*s**3 + s**3. What is u(m)?
8
Let r = 29 - 23. Let x(k) = k**3 - 7*k**2 + 7*k + 2. Determine x(r).
8
Let l(f) = f**3 - 8*f**2 + 6*f + 9. Let y be l(7). Suppose z = -2*i - 2*z - 14, -y*i = -5*z + 14. Let k(t) = -t**3 - 7*t**2 + t + 5. Give k(i).
-2
Let l(x) be the first derivative of -x + 7/3*x**3 - 3 + x**2. Determine l(1).
8
Let z(m) = m**3 + 12*m**2 + 10*m + 5. Let d be z(-11). Let a = d - 20. Let n(s) = s**3 + 4*s**2 + 2*s + 3. Give n(a).
-5
Let r(s) = s**3 + s**2 - s - 1. Suppose 101*z - 2 = 102*z. Calculate r(z).
-3
Suppose -3*i - x + 8 = 0, 3*i = -4*x + 6 + 8. Let r(w) = -2 + 3*w**i + 5*w - 8*w + 5*w. Calculate r(-2).
6
Let t(i) = i**3 + 5*i**2 + 3*i + 2. Let l be -10 - (-1 + 2) - 0. Let z = 7 + l. Determine t(z).
6
Let w(p) = -p**3 + 2*p**2 + p. Suppose 4*q + 2*z = 18, -5*q + 4*z = -0*q + 10. Calculate w(q).
2
Let i(z) be the third derivative of z**4/24 - 5*z**3/3 + 17*z**2. Give i(8).
-2
Let z(j) = 15*j + 1. Let k = -34 + 35. Determine z(k).
16
Let j(d) = -d**3 + 7*d**2 - 8*d + 7. Let b be j(6). Let p(q) = q**2 + 6*q + 7. Let k be p(b). Let s(g) = -1 + 2*g**2 + 0 + 5*g**3 - k*g**3. What is s(1)?
4
Let d(u) = -2*u + 1. Let v = -24 - -11. Let c = v + 11. Determine d(c).
5
Let s = -10 - -15. Suppose -r + 3 = -2*x + 4, 31 = -3*x - s*r. Let n(g) be the first derivative of g**4/4 + 2*g**3/3 + 3*g**2/2 + 3*g + 1. Give n(x).
-3
Let f(g) be the second derivative of -g**4/12 - 5*g**3/6 - g**2 + g. Let c be (-8)/(4 + (-4 - (-4 + 2))). Calculate f(c).
2
Let w(o) = 4*o**2 + 5*o + 11. Let m(y) be the first derivative of 5*y**3/3 + 3*y**2 + 12*y + 2. Let u(p) = 5*m(p) - 6*w(p). Calculate u(0).
-6
Let s(x) = -x**2 - 4. Let q = 6 + -8. Let v(c) = -c - 2. Let k be v(q). Suppose -4*m - 3*w + 9 = 0, -5*m + 3*w + w - 12 = k. Calculate s(m).
-4
Let i(p) = p**2 - p - 1. Let g(d) = 2*d + 19. Let x be g(-10). What is i(x)?
1
Let u(p) = -2*p - 8*p - 4*p + 13*p. Determine u(4).
-4
Let u(d) be the first derivative of 2 + 2*d - 1/3*d**3 + 5/2*d**2. Suppose -26 = -3*g - 11. What is u(g)?
2
Suppose m - 6*m = 20. Let h(w) = -10*w - 1 + 7*w + w. Determine h(m).
7
Let y(v) = v**2 + 3 + v + 5*v + 0*v - v. Suppose 2 = 5*g - 8. Suppose -4 = k, -c + g*k = -2*c - 13. What is y(c)?
3
Let n(x) be the first derivative of -5*x**2 - x + 3. Let s(c) = -7*c - 1. Let g(a) = 5*n(a) - 7*s(a). Calculate g(2).
0
Let y(k) be the second derivative of -3*k**3/2 - k**2/2 + 3*k. Give y(1).
-10
Let m be -5 - (1 - 2*1). Let w(r) = -r + 1 + 1 - 5 + 5. Determine w(m).
6
Let p = 9 + -5. Let m(t) = 14*t**3 + 9*t**2 - 5*t + 8. Let j(y) = 5*y**3 + 3*y**2 - 2*y + 3. Let l(x) = 17*j(x) - 6*m(x). What is l(p)?
3
Let m(q) = -q**3 - 16*q**2 - 15*q - 3. Let l be m(-15). Let y(f) = 6*f + 3. Give y(l).
-15
Let p = -111 + 667/6. Let r(g) be the second derivative of 1/2*g**2 + 0 + p*g**3 - 2*g - 1/3*g**4. Calculate r(2).
-13
Let c(x) = 0*x**2 - x**2 + 4*x**2 + x - 2*x**2. Give c(-2).
2
Let g be (16/(-12))/((-2)/30). Suppose 0*l + g = -5*l. Let t(f) be the second derivative of -f**3/6 + 2*f**2 + f. Calculate t(l).
8
Let k(t) = -t**3 + t**2 - t + 4. Let s be -2*-2*3/4. Let u be (-1)/(s/(-15)) + 0. Let x be u - 3 - -1 - 3. Determine k(x).
4
Let j(k) = k**3 - 8*k**2 + 6*k + 5. Let q(i) = 7*i**2. Let r be q(1). Determine j(r).
-2
Let l(f) = 4*f**3 - 3*f**3 + 4*f**2 + 17 - 14 + 2*f. What is l(-5)?
-32
Let d(u) be the third derivative of u**5/60 + u**4/12 - u**2. Let g = 4 - 6. Let z be 1*(1 - (g + 5)). What is d(z)?
0
Suppose 7 = 3*m + 1. Suppose 3*g = m*g + 2. Let y(x) = 2*x + 1. Calculate y(g).
5
Let m(x) = 3*x + 21. Let f(t) = -4*t - 31. Let c(y) = 5*f(y) + 7*m(y). Let q(v) = 5*v - 33. Let j(l) = -9*c(l) + 2*q(l). Calculate j(6).
12
Let q(l) be the first derivative of -l**2 + 4*l + 1. Let p be 2*-1*(-25)/10. Dete